32*c. Suppose 9*m - 6 = 11*m + 3*v, 2*m - c*v - 26 = 0. Give p(m).
-5
Let r(y) = -21*y**3 + 8*y**3 + 14*y**3 + y + y + 5 - y**2. Let u be r(0). Let p(g) = -g**3 + 3*g**2 + 5*g + 6. Calculate p(u).
-19
Let y(i) = 6*i**2 + 45*i - 15. Let c be y(-8). Let u(z) be the second derivative of 0 + 1/12*z**4 + 5/6*z**3 + z**2 + c*z. Calculate u(-5).
2
Let q(f) = -f**2 - 4. Let b(h) = 1. Let s(v) = -3*b(v) - q(v). Determine s(-2).
5
Let r(o) be the second derivative of o**3/3 - 5*o**2 + 15*o. Give r(9).
8
Let r(z) = -5*z - z**2 - 9*z + 12*z - 1. Let l = 10 + -12. Let x(n) = -n - 3. Let v be x(l). Determine r(v).
0
Let m(k) = -7 - 78*k - k**2 + 22*k + 14*k + 30*k. Determine m(-10).
13
Let t(i) be the third derivative of -i**6/120 - 2*i**5/15 + 3*i**4/8 + 2*i**3/3 - i**2 + 22. Let o(s) = -2*s + 7. Let u be o(8). Give t(u).
4
Suppose 2*r - 2*z = 20, -4*r - z = -4 - 16. Let i(m) = 35*m + 36*m + m**2 - 8 - 76*m. Calculate i(r).
-2
Let l(h) = -146*h - 141. Let x be l(-1). Let o(n) = n**3 - 3*n**2 - 6*n - 3. Determine o(x).
17
Let p = 107 + -107. Let q(z) = -11*z - 12. What is q(p)?
-12
Let p(i) = 242*i - 81*i - 81*i - 85*i - 1. Determine p(-5).
24
Let n(i) = -4 - 2 - i**3 + 6*i**2 + 68*i - 65*i. Calculate n(6).
12
Suppose -11*g - 23*g - 136 = 0. Let r(w) = w**2 - 4 + 3*w - 1 + 0. What is r(g)?
-1
Let y(v) = -v**3 + 18*v**2 + 18*v + 19. Let i be y(19). Let d(q) = i - 1 - q**2 - 6*q - 1 + 0. Determine d(-4).
6
Let h(k) be the second derivative of k**5/20 + 5*k**4/12 + k**3 + k**2/2 - 29*k + 1. Calculate h(-5).
-29
Let x(f) = -8*f**3 + 5*f**2 - f. Let p(o) = 5*o**3 - 3*o**2 + 1. Let m(j) = 5*p(j) + 3*x(j). Determine m(2).
7
Let y(m) = -m**2. Let t(b) = -b**2 - 7*b - 3. Let v be t(-7). Let j be 2/7 + 152/56. Let f = j + v. What is y(f)?
0
Let q(d) = d**2 + 5*d + 10. Let v be (-6)/(42/49)*1. What is q(v)?
24
Suppose -14 = -2*t + 5*f, -4*f + 21 = 3*t + f. Suppose t*p - 20 = 2*p, -2*p = -4*b. Let l be b/(-8) - (-2)/8. Let k(w) = w**3 + w**2 - 12. Determine k(l).
-12
Let s(v) = -2 + 0*v**2 - v**2 - 2 - 6*v. Let p(o) = 2*o**2 - 21*o + 49. Let r be p(6). Calculate s(r).
1
Suppose 5*d + 1 - 31 = -5*h, 4*h - 2*d = 6. Suppose -u - 18 = -h*u. Suppose -29 + u = -4*c. Let a(o) = -o + 4. Calculate a(c).
-1
Let z(n) = -5*n**3 + 3*n**2 + 4*n - 6. Let b(i) = -8*i**3 + 5*i**2 + 7*i - 12. Let x(v) = -3*b(v) + 5*z(v). Give x(0).
6
Let j(l) be the first derivative of l**4/4 - 4*l**3/3 - 13*l + 867. Give j(5).
12
Let r(l) = -2 + 3*l + 259*l**3 + 271*l**3 - 531*l**3. Give r(1).
0
Suppose k + 29 = 24. Suppose 0*r = -5*r + 40. Let x(j) = -2*j + 3. Let c(z) = -6*z + 9. Let i(n) = r*x(n) - 3*c(n). What is i(k)?
-13
Let g(z) = 3*z**2 - 3 + z + 2*z**3 - 3*z**3 - 9*z**2 - z**2. What is g(-7)?
-10
Suppose -2*j + 0*x = -4*x - 10, 2*j = -5*x + 1. Let n(d) = -5*d - 2*d**j + 11*d**2 - d**3 + 2*d**3 - 5*d + 4. What is n(10)?
4
Let g(f) be the second derivative of f**4/12 - 5*f**3/6 + 4*f**2 + 2*f + 8. Determine g(6).
14
Let s = -15 - -26. Let q(t) = -10*t**2 + 0*t**2 - 8*t + 11*t**2 + s - 2. Determine q(6).
-3
Let t(r) be the second derivative of -1/2*r**2 + 0 - 1/10*r**5 + 0*r**3 + 3*r - 1/6*r**4. Determine t(-2).
7
Let v(t) = 12*t + 2. Let p be v(1). Suppose -16*w + p*w + 4 = 0. Let r(d) = -2*d - d**3 - 5*d**w - 5 - 4 + 13. Determine r(-4).
-4
Let y(n) be the first derivative of -1/4*n**4 + 2*n**3 - 7*n + 1/2*n**2 + 33. Give y(6).
-1
Let r(z) = -z**2 - 11*z - 15. Let b be r(-11). Let n = 9 + b. Let h(w) be the third derivative of -w**4/24 - w**3/3 + 11*w**2. Give h(n).
4
Let s(w) be the second derivative of 7*w**3/6 + 20*w**2 - 483*w. Determine s(-5).
5
Let z(u) be the first derivative of u**4/12 + u**3/6 - 5*u**2/2 + 14*u - 22. Let i(g) be the first derivative of z(g). Determine i(0).
-5
Let r(m) = 4*m - 45 + 50 + 12*m - 17*m. What is r(2)?
3
Let q(s) = -2*s**3 - 3 + 0*s**3 + 4*s**2 + s**3. Let x = -1180 + 1184. Give q(x).
-3
Let w(j) = j**2 - 10*j - 14. Let q be 20/(-5)*6/(-2). What is w(q)?
10
Let g be 1 - -2 - 8/4. Let k(o) = 9*o**2 + 1 + 10*o**2 + 16*o**2 - 53*o**2 - o + 17*o**2 - 7*o**3. Determine k(g).
-8
Let b(x) = -4*x - 3. Let a be b(-5). Suppose -3*y + 35 = a. Let v(k) = -k - 1. Calculate v(y).
-7
Let v be (-6)/(-3)*30/12. Suppose -v*w = -0*w + 45. Let h = -7 - w. Let s(q) = q**2 + 3*q - 3. What is s(h)?
7
Let h be (-354)/36 + 1/(-6). Let k = h + 18. Let a(m) = -k*m**2 + 6 - 3*m - 12*m**3 - 4*m + 11*m**3. Calculate a(-7).
6
Let a(k) = k**3 - k**2 - 1. Let d(o) = 12*o**2 + 84*o. Let s be d(-7). Calculate a(s).
-1
Let a = 190 + -193. Let n(d) = d - 1. Let c(y) = y**2 + y. Let p(b) = c(b) + 2*n(b). Calculate p(a).
-2
Let t(p) = -p**3 + 3*p**2 + 2*p - 3. Let f(y) = -3 + 2*y - 3*y + 3*y**2 - 3*y. Let i be f(-1). Calculate t(i).
-11
Let z(y) = 3*y**2 - 1. Let t(k) = -5*k + 8. Let r(g) = -14*g + 24. Let f(b) = 4*r(b) - 11*t(b). Let x be f(9). Give z(x).
2
Let g(o) = -5*o**2 - o**2 + 2*o + 4 + 2*o**2 + o**2 + 4*o**2. What is g(-3)?
7
Let y(d) = d**3 + 3*d**2 - 2*d + 3. Let p be y(-3). Suppose p*q + 2 = 10*q. Let u(n) = -15*n**2 + 0*n**2 + 3*n**q. What is u(1)?
-12
Let h = 181 - 183. Let o(w) = -13*w**3 + 3*w**2 + 3*w + 13. Let f(b) = 9*b**3 - 2*b**2 - 2*b - 9. Let l(k) = -7*f(k) - 5*o(k). Give l(h).
-20
Let g(b) be the third derivative of 0 - 1/120*b**6 + 1/12*b**5 + 1/3*b**3 - 1/12*b**4 + 0*b + 8*b**2. Let o be 2 - -4 - (-2)/(-2). Calculate g(o).
-8
Let c = -352 - -350. Let k(t) = 13*t**3 + 16*t**2 + 3*t + 4. Suppose -f - 2 + 9 = 0. Let j(i) = -4*i**3 - 5*i**2 - i - 1. Let d(g) = f*j(g) + 2*k(g). Give d(c).
7
Let y = 111 + -98. Let b(n) = -2*n + 17. Determine b(y).
-9
Let k = -27 + 37. Let x(r) = 2*r**3 - 4*r**2 + 7*r - 5. Let u(d) = d**3 - 2*d**2 + 3*d - 2. Let a(n) = k*u(n) - 4*x(n). What is a(2)?
4
Let u(r) = r - 3. Let b(x) be the first derivative of x**2/2 - 6*x - 4. Let c(q) be the first derivative of b(q). Let y(v) = -4*c(v) - u(v). What is y(0)?
-1
Let v(t) be the third derivative of t**4/24 + 7*t**3/6 - 2727*t**2. Let c = 1 + -1. What is v(c)?
7
Let h(j) = -4*j - 1. Let i(y) = -y + 1. Let c(g) = h(g) - i(g). Suppose -19*m - 95 = -24*m. Suppose -d - m = -17. What is c(d)?
4
Let c(s) be the second derivative of s**4/12 + s**3 + s**2 + 37*s. Suppose 4*h = 2*h - 12. Determine c(h).
2
Let f(c) = -75*c + 825. Let o be f(11). Let x(q) be the third derivative of q**5/60 + q**4/24 + q**3/6 - q**2. Calculate x(o).
1
Let n(j) = -j**3 - 21*j**2 - j - 18. Let p be n(-21). Let r(k) = 0*k**2 - 150*k + p + 144*k - k**2. Let c(b) = b - 1. Let i be c(-4). Determine r(i).
8
Let m(y) = -5*y**2 + 3*y + 2. Suppose 75 - 9 = -33*z. What is m(z)?
-24
Let a(g) be the third derivative of -g**4/12 - 7*g**3/6 + 26*g**2 + g. Let d = -38 + 31. Calculate a(d).
7
Suppose 3*y = -0*y + 129. Let p = y + -51. Let u(b) = b + 13. What is u(p)?
5
Let u(r) = 7*r + 1. Let t(f) be the first derivative of f**4/4 + 8*f**3/3 - 7*f**2/2 + 16*f - 20. Let v be t(-9). Calculate u(v).
-13
Let f(v) = -v**2 + 3. Let j be f(0). Let h(s) = 2*s**2 - 3*s - 4. Determine h(j).
5
Let m(p) = -5*p + 2. Let d(r) = -14*r + 5. Let b(o) = 4*d(o) - 11*m(o). Let y(z) = -12*z**2 + 9*z**2 - 2 + 4*z**2 + 8 + 5*z. Let c be y(-3). Calculate b(c).
-2
Let i(b) = -b**2 - 11*b - 2. Let s(l) = 0 - 10*l**2 - 1 - 6*l**2 + 15*l**2 - 12*l. Let a(t) = 4*i(t) - 3*s(t). Determine a(-4).
11
Let t(h) = -h + 5. Let l(y) = y - 4. Let b(q) = -5*l(q) - 4*t(q). Suppose -258*s + 230*s = 84. Determine b(s).
3
Let w(z) = -17 - 5*z + 12 - 9 + z**3 + 4*z + 14*z**2. What is w(-14)?
0
Let c = -20 - -29. Let i = -6 + c. Let q(y) = -2*y + 3*y + y + 3. Determine q(i).
9
Let t(k) = 29*k**2 - 1. Suppose 56*p - 4*u = 51*p - 25, 4*p + 14 = 2*u. Give t(p).
28
Let d = 2 + 5. Suppose -d*p + 4 = -5*p. Let q(c) be the first derivative of -3*c**2/2 + 2*c + 3. Calculate q(p).
-4
Let k(w) be the first derivative of w**4/4 - 2*w**3/3 - 3*w**2 + 5*w + 190. Suppose 0*u - 2*u + 8 = 0. Let i = 0 + u. What is k(i)?
13
Let h(t) = -9*t. Suppose 3 - 11 = -4*u. Suppose -k - u = -2*k. Let s be 8/(-8)*k/2. What is h(s)?
9
Suppose 60 = 5*s - 3*s. Let v = -32 + s. Let b(q) = -q - 3. Give b(v).
-1
Let i = 641 + -640. Let m(z) = 9*z - 2. Give m(i).
7
Let j(d) = 4*d + 11. Let f(w) = 6*w + 20. Let b(r) = 3*f(r) - 4*j(r). Give b(-10).
-4
Suppose 2*r - 3*j + 16 = -0*j, r + 4*j = 14. Let h be (-77)/14 - (-1)/r. 